{"id":11,"date":"2016-09-13T14:19:33","date_gmt":"2016-09-13T14:19:33","guid":{"rendered":"http:\/\/wp.forum-sk.at\/?page_id=11"},"modified":"2026-04-16T10:22:17","modified_gmt":"2026-04-16T08:22:17","slug":"zentren","status":"publish","type":"page","link":"https:\/\/www.forum-sk.at\/seltene_krankheiten\/zentren\/","title":{"rendered":"Zentren in \u00d6sterreich"},"content":{"rendered":"<style><span data-mce-type=\"bookmark\" style=\"display: inline-block; width: 0px; overflow: hidden; line-height: 0;\" class=\"mce_SELRES_start\">\ufeff<\/span><br \/>hr {margin-left:0px !important;}<br \/><\/style>\n<p>Erste Anlaufstellen sind Haus- bzw. Fach\u00e4rzte, die Kontakt zu spezialisierten Zentren in ganz \u00d6sterreich herstellen.<br \/>\n&nbsp;<\/p>\n<h3>Zentrum f\u00fcr Seltene Krankheiten Innsbruck<\/h3>\n<ul>\n<li>Zentrum f\u00fcr angeborene Stoffwechselerkrankungen Innsbruck<\/li>\n<li><a href=\"http:\/\/www.humgen.at\/\" target=\"_blank\" rel=\"noopener\">Zentrum Medizinische Genetik Innsbruck<\/a><\/li>\n<li><a href=\"https:\/\/dermatologie.tirol-kliniken.at\/page.cfm?vpath=expertisezentren\/zentrum-fuer-genodermatosen-verhornungsstoerungen\/ziele-des-zentrums\" target=\"_blank\" rel=\"noopener\">Dermatologie Innsbruck<\/a><\/li>\n<\/ul>\n<p><a href=\"\/seltene_krankheiten\/patientenanfrage\/\">Patientenanfrage &#8211; Formular<\/a> zu fallspezifische Anfragen durch \u00c4rzte und Patienten.<\/p>\n<p>&nbsp;<\/p>\n<h3>Zentrum f\u00fcr Seltene Krankheiten Bregenz<\/h3>\n<p>F\u00fcr Anfragen bzgl Seltene Krankheiten am Landeskrankenhaus Bregenz verwenden Sie diese email Adresse: <a href=\"mailto:seltene.krankheiten@lkhb.at\">seltene.krankheiten@lkhb.at<\/a><\/p>\n<p>&nbsp;<\/p>\n<h3>Zentrum f\u00fcr Seltene Krankheiten Salzburg<\/h3>\n<ul>\n<li>Dermatologie Salzburg<\/li>\n<li>P\u00e4diatrie Salzburg<\/li>\n<\/ul>\n<p><a href=\"\/seltene_krankheiten\/patientenanfrage\/\">Patientenanfrage &#8211; Formular<\/a> zu fallspezifische Anfragen durch \u00c4rzte und Patienten.<\/p>\n<p>&nbsp;<\/p>\n<h3>Zentrum f\u00fcr Seltene Krankheiten Wien<\/h3>\n<p><strong>CeRUD Vienna Center for Rare and Undiagnosed Diseases<\/strong><br \/>\nTelefonhotline (nur f\u00fcr p\u00e4diatrische PatientInnen, 0-18 Jahre): <a href=\"tel:+4314040032290\">+43-1-40400-32290<\/a><br \/>\nInternet: <a href=\"http:\/\/www.meduniwien.ac.at\/cerud\" target=\"_blank\" rel=\"noopener\">www.meduniwien.ac.at\/cerud<\/a><br \/>\nEmail: <a href=\"mailto:cerud@meduniwien.ac.at\">cerud@meduniwien.ac.at<\/a><\/p>\n<p>&nbsp;<\/p>\n<h3>Zentrum f\u00fcr Seltene Krankheiten Graz<\/h3>\n<ul>\n<li>P\u00e4diatrie Graz, Prof. Dr. Barbara Plecko<\/li>\n<li>Humangenetik Graz, Prof. Dr. Michael Speicher<\/li>\n<\/ul>\n<p>&nbsp;<\/p>\n<h3>Zentrum f\u00fcr Seltene Krankheiten Linz<\/h3>\n<p>Kepler Universit\u00e4tsklinikum, Krankenhausstrasse 26-30, 4020 Linz<\/p>\n<ul>\n<li>Univ. Klinik f\u00fcr Kinderheilkunde <a href=\"mailto:ad.arztdion.mc4@kepleruniklinikum.at\">ad.arztdion.mc4@kepleruniklinikum.at<\/a><\/li>\n<li>Medizinische Genetik <a href=\"mailto:humangenetik.mc4@kepleruniklinikum.at\">humangenetik.mc4@kepleruniklinikum.at<\/a><\/li>\n<\/ul>\n","protected":false},"excerpt":{"rendered":"<p>Erste Anlaufstellen sind Haus- bzw. Fach\u00e4rzte, die Kontakt zu spezialisierten Zentren in ganz \u00d6sterreich herstellen. &nbsp; Zentrum f\u00fcr Seltene Krankheiten Innsbruck Zentrum f\u00fcr angeborene Stoffwechselerkrankungen Innsbruck Zentrum Medizinische Genetik Innsbruck Dermatologie Innsbruck Patientenanfrage &#8211; Formular zu fallspezifische Anfragen durch \u00c4rzte und Patienten. &nbsp; Zentrum f\u00fcr Seltene Krankheiten Bregenz F\u00fcr Anfragen bzgl Seltene Krankheiten am Landeskrankenhaus [&hellip;]<\/p>\n","protected":false},"author":1,"featured_media":0,"parent":0,"menu_order":0,"comment_status":"closed","ping_status":"closed","template":"","meta":{"_et_pb_use_builder":"off","_et_pb_old_content":"","_et_gb_content_width":"","footnotes":""},"_links":{"self":[{"href":"https:\/\/www.forum-sk.at\/seltene_krankheiten\/wp-json\/wp\/v2\/pages\/11"}],"collection":[{"href":"https:\/\/www.forum-sk.at\/seltene_krankheiten\/wp-json\/wp\/v2\/pages"}],"about":[{"href":"https:\/\/www.forum-sk.at\/seltene_krankheiten\/wp-json\/wp\/v2\/types\/page"}],"author":[{"embeddable":true,"href":"https:\/\/www.forum-sk.at\/seltene_krankheiten\/wp-json\/wp\/v2\/users\/1"}],"replies":[{"embeddable":true,"href":"https:\/\/www.forum-sk.at\/seltene_krankheiten\/wp-json\/wp\/v2\/comments?post=11"}],"version-history":[{"count":64,"href":"https:\/\/www.forum-sk.at\/seltene_krankheiten\/wp-json\/wp\/v2\/pages\/11\/revisions"}],"predecessor-version":[{"id":1434,"href":"https:\/\/www.forum-sk.at\/seltene_krankheiten\/wp-json\/wp\/v2\/pages\/11\/revisions\/1434"}],"wp:attachment":[{"href":"https:\/\/www.forum-sk.at\/seltene_krankheiten\/wp-json\/wp\/v2\/media?parent=11"}],"curies":[{"name":"wp","href":"https:\/\/api.w.org\/{rel}","templated":true}]}}