{"id":528,"date":"2017-09-13T20:38:41","date_gmt":"2017-09-13T18:38:41","guid":{"rendered":"http:\/\/www.forum-sk.at\/seltene_krankheiten\/?page_id=528"},"modified":"2024-04-26T14:13:12","modified_gmt":"2024-04-26T12:13:12","slug":"kontakt","status":"publish","type":"page","link":"https:\/\/www.forum-sk.at\/seltene_krankheiten\/kontakt\/","title":{"rendered":"Kontakt"},"content":{"rendered":"<h2>Fallspezifische Anfragen<\/h2>\n<p>\u00c4rzte und Patienten verwenden bitte dieses <a href=\"\/seltene_krankheiten\/patientenanfrage\/\">Patientenanfrage-Formular<\/a>.<\/p>\n<h2>Allgemeine Anfragen<\/h2>\n<p>F\u00fcr allgemeine Anfragen zum Forum Seltene Krankheiten verwenden Sie bitte unten angef\u00fchrtes Kontakt-Formular.<br \/>\n\n<div class=\"wpcf7 no-js\" id=\"wpcf7-f527-o1\" lang=\"de-DE\" dir=\"ltr\">\n<div class=\"screen-reader-response\"><p role=\"status\" aria-live=\"polite\" aria-atomic=\"true\"><\/p> <ul><\/ul><\/div>\n<form action=\"\/seltene_krankheiten\/wp-json\/wp\/v2\/pages\/528#wpcf7-f527-o1\" method=\"post\" class=\"wpcf7-form init\" aria-label=\"Kontaktformular\" novalidate=\"novalidate\" data-status=\"init\">\n<div style=\"display: none;\">\n<input type=\"hidden\" name=\"_wpcf7\" value=\"527\" \/>\n<input type=\"hidden\" name=\"_wpcf7_version\" value=\"5.8.7\" \/>\n<input type=\"hidden\" name=\"_wpcf7_locale\" value=\"de_DE\" \/>\n<input type=\"hidden\" name=\"_wpcf7_unit_tag\" value=\"wpcf7-f527-o1\" \/>\n<input type=\"hidden\" name=\"_wpcf7_container_post\" value=\"0\" \/>\n<input type=\"hidden\" name=\"_wpcf7_posted_data_hash\" value=\"\" \/>\n<input type=\"hidden\" name=\"_wpcf7_recaptcha_response\" value=\"\" \/>\n<\/div>\n<div style=\"width:500px;\">\n\t<p><label>Anrede<br \/>\n<span class=\"wpcf7-form-control-wrap\" data-name=\"HerrFrau\"><select class=\"wpcf7-form-control wpcf7-select\" aria-invalid=\"false\" name=\"HerrFrau\"><option value=\"bitte w\u00e4hlen\">bitte w\u00e4hlen<\/option><option value=\"Herr\">Herr<\/option><option value=\"Frau\">Frau<\/option><\/select><\/span><\/label>\n\t<\/p>\n\t<p><label>Ihr Name *<br \/>\n<span class=\"wpcf7-form-control-wrap\" data-name=\"your-name\"><input size=\"40\" class=\"wpcf7-form-control wpcf7-text wpcf7-validates-as-required\" aria-required=\"true\" aria-invalid=\"false\" value=\"\" type=\"text\" name=\"your-name\" \/><\/span><\/label>\n\t<\/p>\n\t<p><label>Ihr Vorname *<br \/>\n<span class=\"wpcf7-form-control-wrap\" data-name=\"your-firstname\"><input size=\"40\" class=\"wpcf7-form-control wpcf7-text wpcf7-validates-as-required\" aria-required=\"true\" aria-invalid=\"false\" value=\"\" type=\"text\" name=\"your-firstname\" \/><\/span><\/label>\n\t<\/p>\n\t<p><label>Ihre E-Mail-Adresse *<br \/>\n<span class=\"wpcf7-form-control-wrap\" data-name=\"your-email\"><input size=\"40\" class=\"wpcf7-form-control wpcf7-email wpcf7-validates-as-required wpcf7-text wpcf7-validates-as-email\" aria-required=\"true\" aria-invalid=\"false\" value=\"\" type=\"email\" name=\"your-email\" \/><\/span> <\/label>\n\t<\/p>\n\t<p><label>Ihre Telefonnummer *<br \/>\n<span class=\"wpcf7-form-control-wrap\" data-name=\"tel-146\"><input size=\"40\" class=\"wpcf7-form-control wpcf7-tel wpcf7-validates-as-required wpcf7-text wpcf7-validates-as-tel\" aria-required=\"true\" aria-invalid=\"false\" value=\"\" type=\"tel\" name=\"tel-146\" \/><\/span><\/label>\n\t<\/p>\n\t<p><label>Ihre Nachricht *<br \/>\n<span class=\"wpcf7-form-control-wrap\" data-name=\"your-message\"><textarea cols=\"40\" rows=\"10\" class=\"wpcf7-form-control wpcf7-textarea\" aria-invalid=\"false\" name=\"your-message\"><\/textarea><\/span> <\/label>\n\t<\/p>\n\t<p>Bitte f\u00fcllen Sie die mit * gekennzeichneten Felder in jedem Fall aus. Wir werden Ihr Anliegen im Zentrum f\u00fcr Seltene Krankheiten besprechen und uns per Email wieder bei Ihnen melden.\n\t<\/p>\n\t<p>Um die korrekte Verwendung dieses Formulares zu gew\u00e4hrleisten, bitten wir Sie, die Checkbox unten anzuklicken. Danke f\u00fcr Ihr Verst\u00e4ndnis.<br \/>\n\t<span class=\"wpcf7-form-control-wrap recaptcha\" data-name=\"recaptcha\"><span data-sitekey=\"6LeweSEUAAAAAN5z8scaV0R_OlCzJ8ZphJp4YSpy\" class=\"wpcf7-form-control wpcf7-recaptcha g-recaptcha\"><\/span>\r\n<noscript>\r\n\t<div class=\"grecaptcha-noscript\">\r\n\t\t<iframe loading=\"lazy\" src=\"https:\/\/www.google.com\/recaptcha\/api\/fallback?k=6LeweSEUAAAAAN5z8scaV0R_OlCzJ8ZphJp4YSpy\" frameborder=\"0\" scrolling=\"no\" width=\"310\" height=\"430\">\r\n\t\t<\/iframe>\r\n\t\t<textarea name=\"g-recaptcha-response\" rows=\"3\" cols=\"40\" placeholder=\"reCaptcha Response Here\">\r\n\t\t<\/textarea>\r\n\t<\/div>\r\n<\/noscript>\r\n<\/span>\n\t<\/p>\n\t<p><input class=\"wpcf7-form-control wpcf7-submit has-spinner\" type=\"submit\" value=\"Kontaktformular absenden\" \/>\n\t<\/p>\n<\/div><div class=\"wpcf7-response-output\" aria-hidden=\"true\"><\/div>\n<\/form>\n<\/div>\n<\/p>\n","protected":false},"excerpt":{"rendered":"<p>Fallspezifische Anfragen \u00c4rzte und Patienten verwenden bitte dieses Patientenanfrage-Formular. Allgemeine Anfragen F\u00fcr allgemeine Anfragen zum Forum Seltene Krankheiten verwenden Sie bitte unten angef\u00fchrtes Kontakt-Formular.<\/p>\n","protected":false},"author":1,"featured_media":0,"parent":0,"menu_order":0,"comment_status":"closed","ping_status":"closed","template":"","meta":{"_et_pb_use_builder":"","_et_pb_old_content":"","_et_gb_content_width":"","footnotes":""},"_links":{"self":[{"href":"https:\/\/www.forum-sk.at\/seltene_krankheiten\/wp-json\/wp\/v2\/pages\/528"}],"collection":[{"href":"https:\/\/www.forum-sk.at\/seltene_krankheiten\/wp-json\/wp\/v2\/pages"}],"about":[{"href":"https:\/\/www.forum-sk.at\/seltene_krankheiten\/wp-json\/wp\/v2\/types\/page"}],"author":[{"embeddable":true,"href":"https:\/\/www.forum-sk.at\/seltene_krankheiten\/wp-json\/wp\/v2\/users\/1"}],"replies":[{"embeddable":true,"href":"https:\/\/www.forum-sk.at\/seltene_krankheiten\/wp-json\/wp\/v2\/comments?post=528"}],"version-history":[{"count":7,"href":"https:\/\/www.forum-sk.at\/seltene_krankheiten\/wp-json\/wp\/v2\/pages\/528\/revisions"}],"predecessor-version":[{"id":663,"href":"https:\/\/www.forum-sk.at\/seltene_krankheiten\/wp-json\/wp\/v2\/pages\/528\/revisions\/663"}],"wp:attachment":[{"href":"https:\/\/www.forum-sk.at\/seltene_krankheiten\/wp-json\/wp\/v2\/media?parent=528"}],"curies":[{"name":"wp","href":"https:\/\/api.w.org\/{rel}","templated":true}]}}