{"id":909,"date":"2020-02-06T11:41:11","date_gmt":"2020-02-06T10:41:11","guid":{"rendered":"https:\/\/www.forum-sk.at\/seltene_krankheiten\/?page_id=909"},"modified":"2026-03-30T11:44:44","modified_gmt":"2026-03-30T09:44:44","slug":"sponsoren","status":"publish","type":"page","link":"https:\/\/www.forum-sk.at\/seltene_krankheiten\/sponsoren\/","title":{"rendered":"Unterst\u00fctzer und Sponsoren"},"content":{"rendered":"<h2>Unterst\u00fctzer<\/h2>\n<p>Wir danken dem folgenden Unterst\u00fctzer f\u00fcr die Beteiligung an der Finanzierung der Aktivit\u00e4ten des Forums: \u00d6sterreichische Gesundheitskasse (\u00d6GK).<\/p>\n<p><img loading=\"lazy\" decoding=\"async\" class=\"aligncenter size-medium wp-image-1200\" src=\"https:\/\/www.forum-sk.at\/seltene_krankheiten\/wp-content\/uploads\/2024\/05\/oegk_logo-300x74.png\" alt=\"\" width=\"300\" height=\"74\" \/><\/p>\n<h2><\/h2>\n<h2>Sponsoren<\/h2>\n<p>Wir danken folgenden Firmen f\u00fcr die Beteiligung an der Finanzierung der Aktivit\u00e4ten des Forums zum Rare Disease Day 2020: Aeglea, Biogen, PTC und Ultragenyx.<\/p>\n<div style=\"display: block; text-align: center;\"><img loading=\"lazy\" decoding=\"async\" class=\"size-medium wp-image-950\" src=\"https:\/\/www.forum-sk.at\/seltene_krankheiten\/wp-content\/uploads\/2020\/12\/aleglea.jpg\" alt=\"\" width=\"200\" height=\"200\" \/><img loading=\"lazy\" decoding=\"async\" class=\"size-medium wp-image-951\" src=\"https:\/\/www.forum-sk.at\/seltene_krankheiten\/wp-content\/uploads\/2020\/12\/biogen.jpg\" alt=\"\" width=\"200\" height=\"200\" \/><img loading=\"lazy\" decoding=\"async\" class=\"size-medium wp-image-952\" src=\"https:\/\/www.forum-sk.at\/seltene_krankheiten\/wp-content\/uploads\/2020\/12\/ptc.jpg\" alt=\"\" width=\"200\" height=\"200\" \/><img loading=\"lazy\" decoding=\"async\" class=\"size-medium wp-image-953\" src=\"https:\/\/www.forum-sk.at\/seltene_krankheiten\/wp-content\/uploads\/2020\/12\/ultragenyx.jpg\" alt=\"\" width=\"200\" height=\"200\" \/><\/div>\n","protected":false},"excerpt":{"rendered":"<p>Unterst\u00fctzer Wir danken dem folgenden Unterst\u00fctzer f\u00fcr die Beteiligung an der Finanzierung der Aktivit\u00e4ten des Forums: \u00d6sterreichische Gesundheitskasse (\u00d6GK). Sponsoren Wir danken folgenden Firmen f\u00fcr die Beteiligung an der Finanzierung der Aktivit\u00e4ten des Forums zum Rare Disease Day 2020: Aeglea, Biogen, PTC und Ultragenyx.<\/p>\n","protected":false},"author":1,"featured_media":0,"parent":0,"menu_order":0,"comment_status":"closed","ping_status":"closed","template":"","meta":{"_et_pb_use_builder":"","_et_pb_old_content":"","_et_gb_content_width":"","footnotes":""},"_links":{"self":[{"href":"https:\/\/www.forum-sk.at\/seltene_krankheiten\/wp-json\/wp\/v2\/pages\/909"}],"collection":[{"href":"https:\/\/www.forum-sk.at\/seltene_krankheiten\/wp-json\/wp\/v2\/pages"}],"about":[{"href":"https:\/\/www.forum-sk.at\/seltene_krankheiten\/wp-json\/wp\/v2\/types\/page"}],"author":[{"embeddable":true,"href":"https:\/\/www.forum-sk.at\/seltene_krankheiten\/wp-json\/wp\/v2\/users\/1"}],"replies":[{"embeddable":true,"href":"https:\/\/www.forum-sk.at\/seltene_krankheiten\/wp-json\/wp\/v2\/comments?post=909"}],"version-history":[{"count":31,"href":"https:\/\/www.forum-sk.at\/seltene_krankheiten\/wp-json\/wp\/v2\/pages\/909\/revisions"}],"predecessor-version":[{"id":1423,"href":"https:\/\/www.forum-sk.at\/seltene_krankheiten\/wp-json\/wp\/v2\/pages\/909\/revisions\/1423"}],"wp:attachment":[{"href":"https:\/\/www.forum-sk.at\/seltene_krankheiten\/wp-json\/wp\/v2\/media?parent=909"}],"curies":[{"name":"wp","href":"https:\/\/api.w.org\/{rel}","templated":true}]}}